8) - 3 - (-1836)/28?
5
Suppose 0 = -q + w + 752, -3*q + 12*w - 8*w + 2257 = 0. What is the hundreds digit of q?
7
Suppose 3*u = 2*u + 17. Let m = -10 + u. Suppose 0 = -4*t + 97 + m. What is the units digit of t?
6
Let h = 6 - 3. Suppose -5*d = -15 + 5. What is the units digit of d + h/(-6)*2?
1
Let h = -159 + 460. Let z = h - 207. What is the tens digit of z?
9
Let k(n) = -n. Let d be k(-4). Suppose 4*z - 37 = -s, 4*s - d = 4*z + 224. What is the tens digit of s?
5
Suppose 0 = -3*y - 6, -3*w - 2*w - 4*y = -2. Suppose -2*g + 694 = 3*c, 0*c = -w*c + 2*g + 476. What is the hundreds digit of c?
2
Let s(z) = 62*z - 381. What is the hundreds digit of s(10)?
2
Let i(a) = 5*a - 7. Let g be i(3). What is the tens digit of 318/4 + (-4)/g?
7
Suppose -4*m - 485 = m. Let n = m + 137. What is the tens digit of n?
4
Suppose -t + 2 = -0*t. Suppose 4*v + 16 = -4*c - 0*v, 3*c + t = -5*v. What is the units digit of ((-42)/c)/((-4)/(-6))?
7
Let g = 139 + 17. Suppose -3*f + 3*z = -g, 5*f + z - 258 = 4*z. What is the tens digit of f?
5
Let d = -35 + 122. Suppose -186 = -4*m + 2*f, -2*m = 2*f + 3*f - d. Let w = m - 25. What is the tens digit of w?
2
Let b(c) = c**3 - 4*c**2 + c + 1. Let t be b(4). Suppose 5*n - t = -0. Let z(x) = 6*x**3 + x**2 - 1. What is the units digit of z(n)?
6
Suppose -2*y = -8, 4*k - 2*k - 4*y + 10 = 0. Let r be 1/(-3)*(-13)/(13/12). Suppose -k*c + c = -r. What is the units digit of c?
2
Let o = -433 + 535. What is the hundreds digit of o?
1
Suppose 5*d - 421 - 264 = 0. Let b = d - 87. What is the tens digit of b?
5
Let b = 18 - -10. Let v be (-1)/(-3) + b/(-21). Let y = 0 - v. What is the units digit of y?
1
Suppose -1960 - 630 = -10*y. What is the tens digit of y?
5
Suppose s - 3*s + 496 = 0. What is the hundreds digit of s?
2
Let o = 46 + -31. Let k = o + -49. Let h = k - -38. What is the units digit of h?
4
Let h(x) = x - 2. Suppose 3*a - 7 - 14 = 0. Let p be h(a). Suppose p*q - 70 = -0. What is the tens digit of q?
1
Let v = -93 + 615. What is the hundreds digit of v?
5
Let h be 4*(5 - (-55)/(-10)). What is the hundreds digit of (897/(-6) - h)/(11/(-22))?
2
Let q(i) = 1 - 22*i + 23 - 7 + 10. What is the units digit of q(-7)?
1
Suppose -3*d + 26 = -169. Let b be 3/(-2)*-1*2. Suppose -17 = b*h - d. What is the tens digit of h?
1
Suppose 58 = 3*s - t, -19 = -4*s - 5*t + 52. Let n = s - 15. Suppose n*m + 14 + 6 = 0, 2*w + 3*m = -1. What is the units digit of w?
7
Let a(z) = -z**2 - 22*z - 37. What is the units digit of a(-10)?
3
Suppose -4*v + 5*v = 2. Suppose c - v = -c, 4*o + 4*c = 228. What is the units digit of o?
6
Suppose 9 + 0 = -r. Let n = r - -15. Let q = 1 + n. What is the units digit of q?
7
Let p be 36/(-6)*(-4)/6. Suppose 0*m - p*m - 4 = 0. What is the tens digit of (-1 - 40 - -3)*m?
3
Suppose -3*t - 64 = 11. Let b = 19 + t. What is the units digit of 48/9*(-9)/b?
8
Let x(p) = 1983*p + 410. What is the tens digit of x(2)?
7
What is the units digit of 50/(-10) - (1 - (-3 - -2651))?
2
Let c(i) = -11*i**3 - 8*i**2 + 5*i + 72. What is the hundreds digit of c(-5)?
2
Let d(y) = 2*y + 3. Let j be d(3). Let u(i) = 13*i + 27. Let c(g) = 9*g + 18. Let n(o) = 8*c(o) - 5*u(o). What is the tens digit of n(j)?
7
Let d = -52 + 174. Let v = -80 + d. What is the units digit of v?
2
Suppose -u + 2*a + 4 = 0, -u + 3 + 1 = -a. Suppose -2*n + 4*z + u = 0, -8 = -3*n + 4*z - 0. Let t(i) = 3*i**2 + 2*i - 5. What is the units digit of t(n)?
1
Let q(y) = -y + 8. Let f be q(-7). What is the tens digit of 35/f*-3*(-50)/2?
7
Let g(n) = 13*n**2 + 24*n - 103. What is the hundreds digit of g(9)?
1
Let u be (-3)/(-15) + 776/20. Suppose 4*y = -0*y - 5*o - u, 45 = -4*y + o. What is the tens digit of y*-1*(-2 + 3)?
1
Suppose z + z = 14. Let i = -20 - -25. Suppose 2*l + z = -3*r, 0 = l + 3*l + 3*r + i. What is the units digit of l?
1
Suppose 3*t - j = 3 + 2, -5*t - 2*j = 10. Let f(a) = a**3 + a**2 - a + 68. What is the units digit of f(t)?
8
Let b(o) = o**3 + 7*o**2 - 7*o + 10. Let q be b(-8). What is the units digit of (-6 + -2)*(-3 + q)?
8
Let z = 351 + -161. What is the units digit of z?
0
Suppose 0 = 5*j - 2220 - 1600. What is the hundreds digit of j?
7
Suppose -4*b = -3*o + 1047, -3*o = 10*b - 5*b + 1275. Let z = b + 415. What is the units digit of z?
7
Let l(a) = -9*a + 19. Let s be l(7). Let q = 48 + s. What is the units digit of q?
4
Let d = -9 + 33. Let k be ((-7)/28)/(1/(-8)). Suppose -3*x + 15 = 0, k*t - d = -x - x. What is the units digit of t?
7
Suppose -8 = 44*q - 46*q. Suppose q*s = 13*s - 144. What is the units digit of s?
6
Suppose 5*l + 0 = 10. Let p be 2/6*(8 - l). Suppose p*m = 5*m - 123. What is the units digit of m?
1
Let w(q) = -q**2 - 6*q - 7. Let k(l) = 2*l**3 - 25*l**2 + 14*l - 28. Let v be k(12). What is the units digit of w(v)?
1
What is the thousands digit of (1/(-2))/(7/(-20034))?
1
Suppose 5*w - 2*v = 18715 - 5921, w = -3*v + 2552. What is the units digit of w?
8
Let s = 25 - 11. Let i = s + -13. What is the tens digit of (5/(-20))/(i/(-44))?
1
Let z(d) be the first derivative of 4*d**2 - 3*d - 8. Let p be z(7). Let a = p + -25. What is the units digit of a?
8
Let c be 708/20 - (-6)/(-15). Suppose -y + c = 4*y. Suppose y*m = 2*m - 25, 2*s - 5*m = 65. What is the units digit of s?
0
Let v = -65 - -69. Suppose y - 410 = -v*c + 219, 2*c + 3*y = 327. What is the tens digit of c?
5
Suppose -t + 520 = z, 5*t - 5*z - 970 = 1650. Let m = t - 353. What is the units digit of m?
9
Let t be -3 - (-2)/(3 + -1). What is the units digit of 1 + -2 - t - -73?
4
Let i = 131 + -63. Suppose -4*b + 4*q + i = 0, -b + 39 = b - 3*q. Let y = b - -25. What is the units digit of y?
7
Let c = -3580 - -6255. What is the units digit of c?
5
Suppose -3*g - 1 = 4*r + 3, -2*g = 5*r - 2. Suppose 4*s + 4 = 0, 0*f = r*f + s + 15. Let l = f + 8. What is the units digit of l?
1
Suppose 2*s - 699 - 1819 = -2*l, 0 = 3*s + l - 3769. What is the thousands digit of s?
1
Let c(n) be the second derivative of n**5/20 - n**4/4 + n**3/6 + n**2/2 + 6*n. Let q be c(3). What is the units digit of (5/10)/(2/q)?
1
Suppose 0 = -3*i + 135 + 99. Suppose -b = -28 + i. What is the tens digit of 1*((4 - b) + 0)?
5
Let m be 1 + -10 - (-2 - -1). Suppose 3*u - 5 = n, -2*n + 0*u = 3*u + 1. What is the units digit of (-60)/(-16) + n/m?
4
Suppose -6*x + x + 5*p + 30 = 0, 18 = 3*x + 5*p. What is the units digit of 1969/33 - (-2)/x?
0
Suppose 0 = 3*t, 3*h + 3*t - 7*t + 12 = 0. Let o be 185/10*h/(-2). Suppose 2*x - o = -3*x + p, 4 = -2*p. What is the units digit of x?
7
Let i be (18/(-7))/(6/(-28)). Let p(g) be the first derivative of -g**4/4 + 4*g**3 + g**2/2 - 2*g - 10. What is the tens digit of p(i)?
1
Let n(b) = -b**2 - 2*b + 19. Let l be n(-5). Suppose -l*h + 322 + 142 = 0. What is the tens digit of h?
1
Suppose -2*t = -t + t. Suppose -3*f - 4*j + 115 + 6 = t, 0 = 5*f + 3*j - 220. What is the tens digit of f?
4
Suppose 2*d - 15 = 5*d, -5*f + 615 = 5*d. What is the units digit of f?
8
Suppose -4*y + 1 - 25 = 0. Let l(d) = 3*d + 14. Let b be l(y). Let u(k) = -k**3 - 2*k**2 + k + 2. What is the tens digit of u(b)?
3
Suppose 0 = 80*t - 84*t + 9288. What is the thousands digit of t?
2
Let r(h) = 2*h**2 - 26*h + 199. What is the hundreds digit of r(17)?
3
Suppose -26286 - 30620 = -37*o. What is the hundreds digit of o?
5
Suppose -2*a = 3*b + 27, -5*b = -2*a + 3 + 10. Let s be (2/a)/(11/(-165)). Suppose 3*r - 4*u - 58 = 0, s*r + 2*u - 142 = -28. What is the tens digit of r?
2
Let s be (-10)/(-10) - 3/(-3). Suppose -39 = -o + 4*g, 4*o - 77 - 43 = -s*g. What is the tens digit of o?
3
Let v = -83 + 228. What is the units digit of (v/20)/(4/96)?
4
Let a(n) = 2*n**2 + 10*n - 10. Suppose 5*w = -8 + 23. Suppose -5*f - 16 = -w*f. What is the units digit of a(f)?
8
Let s(j) = j**3 + 8*j**2 + 3*j + 7. Let r = 44 + -19. Suppose -r = 5*c, -c + 12 = -h - 2*c. What is the tens digit of s(h)?
3
Let v = 12 - -8. Let u = v + -18. Suppose 0 = -4*g + x + 25, -3*g + u*x + 9 + 16 = 0. What is the units digit of g?
5
Let f(g) = -g**3 + 4*g**2 - 2*g - 6. Let s be f(3). Suppose -3*q = q + 4. What is the units digit of (-8)/s - q/3?
3
Let u be (-4)/(-6) - 1258*6/(-18). Let c = u - 254. What is the tens digit of c?
6
Suppose 0 = -2*w + 10 - 0. Suppose -w*c = -83 + 8. What is the units digit of c?
5
Let r = 369 + -174. What 